{"id":384,"date":"2020-01-04T17:52:18","date_gmt":"2020-01-04T16:52:18","guid":{"rendered":"http:\/\/epem.info\/?page_id=384"},"modified":"2020-01-04T17:58:48","modified_gmt":"2020-01-04T16:58:48","slug":"dominique-2","status":"publish","type":"page","link":"http:\/\/epem.info\/?page_id=384","title":{"rendered":"Dominique"},"content":{"rendered":"<p><strong><em><img loading=\"lazy\" decoding=\"async\" class=\"size-full wp-image-11 alignleft\" src=\"http:\/\/epem.info\/wp-content\/uploads\/2014\/10\/Dominique_XL.jpg\" alt=\"\" width=\"200\" height=\"253\" \/>Mon origine<\/em><\/strong><\/p>\n<p>Je suis n\u00e9 d\u2019une m\u00e8re alsacienne et d\u2019un p\u00e8re inconnu. Ma m\u00e8re s\u2019est remari\u00e9 lorsque j\u2019avais 18 mois. Je ne l\u2019ai d\u00e9couvert qu\u2019\u00e0 13 ans. C\u2019\u00e9tait mon premier grand traumatisme. Mon enfance a \u00e9t\u00e9 profond\u00e9ment marqu\u00e9e par la violence et des s\u00e9vices. Elle a \u00e9t\u00e9 ponctu\u00e9e par des dizaines de fugues en toutes saisons. J\u2019ai fini par quitter d\u00e9finitivement la maison \u00e0 17\u00a0ans pour l\u2019arm\u00e9e o\u00f9 j\u2019ai fait les 400 coups. Ce qui m\u2019a conduit en prison en Bretagne. Cette p\u00e9riode difficile m\u2019a conduit \u00e0 une premi\u00e8re tentative de suicide rat\u00e9e. \u00c0 la sortie de prison, un ami m\u2019a pris sous son aile et m\u2019a ramen\u00e9 \u00e0 la fronti\u00e8re Suisse. De l\u00e0, je suis parti au Luxembourg, puis \u00e0 Paris et enfin \u00e0 Martigues en 1975.<\/p>\n<p><strong><em>Ce que je croyais\u00a0et ce que cherchais<\/em><\/strong><\/p>\n<p>Je n\u2019avais pas de croyance ou plut\u00f4t je d\u00e9sirais tout croire, mais je n\u2019avais foi en rien, ni en personne. J\u2019\u00e9tais libre de mes actes, mais je n\u2019\u00e9tais pas libre dans ma t\u00eate. Je faisais n\u2019importe quoi, n\u2019ayant pas d\u2019\u00e9tat d\u2019\u00e2me par rapport \u00e0 la morale des hommes. J\u2019avais une vie d\u00e9r\u00e9gl\u00e9e dans tous les domaines, avec des temps de gr\u00e2ce, lorsque j\u2019\u00e9tais en couple, et de d\u00e9sespoir quand je me retrouvais seul. Ce sc\u00e9nario s\u2019est r\u00e9p\u00e9t\u00e9 plusieurs fois avec des tentatives de suicides, la fuite dans l\u2019alcool, les drogues et les vols. Dans ma vie professionnelle, je vivais une alternance entre travail et ch\u00f4mage, puis en 1989 j\u2019ai pris la d\u00e9cision de travailler \u00e0 mon compte comme transporteur. J\u2019ai enfin connu une certaine stabilit\u00e9 et mon travail a \u00e9t\u00e9 r\u00e9compens\u00e9. Mais j\u2019\u00e9tais toujours insatisfait de ma vie. Elle n\u2019avait pas de sens. Je vivais en mode \u00ab\u00a0acc\u00e9l\u00e9r\u00e9\u00a0\u00bb, doublant mon chiffre d\u2019affaires tous les ans jusqu\u2019en 1992.<\/p>\n<p><strong><em>La r\u00e9v\u00e9lation<\/em><\/strong><\/p>\n<p>Trois ans plus tard, Dieu s\u2019est r\u00e9v\u00e9l\u00e9 \u00e0 moi. Alors que j\u2019avais une avalanche de travail, je devais convoyer beaucoup de v\u00e9hicules et revenir en train. Par la suite, j\u2019ai d\u00fb assurer des aller-retours, ce qui limitait \u00e9norm\u00e9ment mon temps de repos, puisqu\u2019il me fallait faire mes livraisons rapidement. J\u2019\u00e9tais tr\u00e8s motiv\u00e9 par l\u2019\u00e9volution de mon activit\u00e9 et je ne d\u00e9clarais que le minimum. Je m\u2019investissais \u00e0 fond jusqu\u2019\u00e0 m\u2019endormir en conduisant et me r\u00e9veillant sur la route\u00a0roulant \u00e0 40 k\/h. Au bout de trois semaines \u00e0 ce rythme ahurissant, j\u2019\u00e9tais \u00e0 bout de force, car je ne dormais que 17h par semaine. J\u2019\u00e9tais \u00e9puis\u00e9 et je cherchais une solution pour les jours \u00e0 venir. Je ne pouvais pas poursuivre cette cadence, car je risquais de perdre la vie \u00e0 tout moment. Alors, dans mon d\u00e9sespoir, j\u2019ai pens\u00e9 \u00e0 Dieu. Je me suis approch\u00e9 de la fen\u00eatre et je l\u2019ai suppli\u00e9.<\/p>\n<p><strong><em>L\u2019appel\u00a0au secours<\/em><\/strong><\/p>\n<p>\u00ab\u00a0Si tu existes, r\u00e9v\u00e8les toi \u00e0 moi,\u00a0tu pourras me diriger, me conduire et me guider et je te suivrais.\u00a0\u00bb En l\u2019appelant au secours,\u00a0j\u2019ai r\u00e9veill\u00e9 ma foi. Pendant environ neuf mois, j\u2019ai v\u00e9cu des situations extraordinaires. J\u2019ai appris que Dieu est le ma\u00eetre du temps et de toutes choses ! Il m\u2019a permis de rencontrer 3 personnes qui m\u2019ont beaucoup appris de Lui\u00a0: Manu, Chenng et Axel.<\/p>\n<p><strong><em>Les signes<\/em><\/strong><\/p>\n<p>Peu de temps apr\u00e8s, Dieu s\u2019est manifest\u00e9 par des dizaines de signes. Par exemple, il m\u2019est arriv\u00e9 plusieurs fois de conduire mon camion sans carburant, ce qui m\u2019a rappel\u00e9 \u00e9trangement\u00a0la p\u00eache miraculeuse de Pierre. Une autre fois, je suis tomb\u00e9 en panne vers 23 heures en pleine for\u00eat du Morvan une roue \u00e9clat\u00e9e. Je n\u2019avais ni roue de secours, ni cric dans mon camion de 10 tonnes. Gr\u00e2ce \u00e0 la providence de Dieu, un Semi-remorque s\u2019est arr\u00eat\u00e9. Il avait dans sa remorque vide, une roue de la bonne dimension qu\u2019il avait trouv\u00e9e l\u2019apr\u00e8s-midi \u00e0 Paris et il m\u2019a aid\u00e9 \u00e0 la mettre en place. Un jour j\u2019entendis de nouveau cette voix\u00a0int\u00e9rieure me demander\u00a0: \u00ab\u00a0Maintenant que tu as\u00a0vu tout cela tu dois choisir\u00a0: vas-tu croire ou ne pas croire\u00a0?\u00a0\u00bb J\u2019ai pris le temps de r\u00e9fl\u00e9chir et j\u2019ai r\u00e9pondu : \u00ab\u00a0Oui, je crois et je croirais jusqu\u2019au bout de ma vie.\u00a0\u00bb<\/p>\n<p><strong><em>Mon cheminement<\/em><\/strong><\/p>\n<p>J\u2019ai cherch\u00e9 \u00e0 comprendre qu\u2019elle \u00e9tait la bonne religion \u00e0 suivre\u00a0: le Coran, les t\u00e9moins de J\u00e9hovah, les chr\u00e9tiens. Et j\u2019ai pris contact avec mon voisin qui m\u2019a emmen\u00e9 \u00e0 l\u2019\u00e9glise. Manu m\u2019a donn\u00e9 une bible que j\u2019ai lu en un an (si c\u2019est possible). Un jour \u00e0 l\u2019\u00e9glise, lors d\u2019un appel par un pr\u00e9dicateur, l\u2019Esprit de Dieu\u00a0m\u2019a touch\u00e9, je sentais comme un doigt dans mon dos me poussant \u00e0 donner mon c\u0153ur \u00e0 J\u00e9sus. J\u2019ai ainsi d\u00e9couvert la Bonne Nouvelle de la gr\u00e2ce en J\u00e9sus-Christ. J\u2019ai \u00e9t\u00e9 saisi par son amour. Mon c\u0153ur s\u2019est ouvert et j\u2019ai fondu en larmes, en r\u00e9alisant le mal que j\u2019avais fait, et en d\u00e9couvrant l\u2019amour du P\u00e8re dans son fils offert \u00e0 la croix. Je suis arriv\u00e9 \u00e0 la conclusion que la bible est la v\u00e9rit\u00e9 et que je dois lui ob\u00e9ir.<\/p>\n<p>Plusieurs passages m\u2019ont particuli\u00e8rement touch\u00e9 :<\/p>\n<p><strong><em>Jean 16: 28-33 <\/em><\/strong><em>J\u00e9sus leur dit\u00a0: Je suis sorti du P\u00e8re et je suis venu dans le monde ; maintenant je quitte le monde et je retourne vers le P\u00e8re. \u00bb Ses disciples lui dirent : \u00ab Vois ! Maintenant tu parles ouvertement et tu n&#8217;emploies aucune parabole. Maintenant nous savons que tu sais tout et que tu n&rsquo;as pas besoin qu&rsquo;on t&rsquo;interroge ; c&rsquo;est pourquoi nous croyons que tu es sorti de Dieu. \u00bb Je vous ai dit ces choses, afin que vous ayez la paix en moi. Vous aurez des tribulations dans le monde ; mais prenez courage, j&rsquo;ai vaincu le monde. <\/em>Cette derni\u00e8re parole m\u2019a souvent \u00e9t\u00e9 rappel\u00e9e dans des temps difficiles et m\u2019a aid\u00e9.<\/p>\n<p><strong><em>Jean 20:1-8 <\/em><\/strong><em>Lorsque J\u00e9sus fut ressuscit\u00e9. Le dimanche, Marie de Magdala se rendit au tombeau de bon matin, alors qu&rsquo;il faisait encore sombre, et elle vit que la pierre avait \u00e9t\u00e9 enlev\u00e9e de l\u2019entr\u00e9e du tombeau. Simon Pierre, qui le suivait, arriva et entra dans le s\u00e9pulcre\u00a0; il vit les bandes qui \u00e9taient \u00e0 terre, et le linge qu&rsquo;on avait mis sur la t\u00eate de J\u00e9sus, non pas avec les bandes, mais pli\u00e9 dans un lieu \u00e0 part. Alors l&rsquo;autre disciple, qui \u00e9tait arriv\u00e9 le premier au s\u00e9pulcre, entra aussi\u00a0; et il vit, et il crut. <\/em>Et moi aussi\u2026<\/p>\n<p><strong><em>Eph\u00e9siens : 4.28<\/em><\/strong> <em>Que celui qui d\u00e9robait ne d\u00e9robe plus ; mais plut\u00f4t qu&rsquo;il travaille, en faisant de ses mains ce qui est bien, pour avoir de quoi donner \u00e0 celui qui est dans le besoin. <\/em>Ce verset m\u2019a convaincu que Dieu commandait aussi \u00e0 l\u2019argent. En ob\u00e9issant \u00e0 cette parole, j\u2019ai r\u00e9gl\u00e9 un gros dossier de surendettement et je vis maintenant sans inqui\u00e9tude pour l\u2019avenir.<\/p>\n<p><strong>Esa\u00efe 49\u00a0:<\/strong><strong>15 <\/strong><em>Une femme oublie-t-elle l\u2019enfant qu\u2019elle nourrit ? Cesse-t-elle d\u2019aimer l\u2019enfant qu\u2019elle a con\u00e7u ? Et m\u00eame si les m\u00e8res oubliaient leurs enfants, je ne t\u2019oublierai pas ! <strong>\u00a0<\/strong><\/em>Beaucoup d\u2019autres versets m\u2019ont rassur\u00e9 sur la fid\u00e9lit\u00e9 de mon cr\u00e9ateur. Ce besoin de s\u00e9curit\u00e9 \u00e9tait mon souci majeur\u00a0!<\/p>\n<p><strong>Ce que j\u2019ai d\u00e9couvert<\/strong><\/p>\n<p>J\u2019ai appris que l\u2019argent ne fait pas le bonheur et que c\u2019est J\u00e9sus le Cr\u00e9ateur et le Seigneur de l\u2019Univers. Depuis que je le sers, j\u2019ai d\u00e9couvert des capacit\u00e9s que j\u2019ignorais poss\u00e9der. Cela fait plus de 13 ans que je vis seul et que j\u2019ai reconstruit ma vie. J\u2019ai bien s\u00fbr toujours des combats, mais j\u2019ai chang\u00e9 de camp. Je suis maintenant enfant de Dieu pour l\u2019\u00e9ternit\u00e9. Je ne recule plus, mais j\u2019avance en t\u00e9moignant de ce que Dieu a fait pour me sauver, sachant qu\u2019il me garde tous les jours en Lui. J\u2019ai compris le sacrifice de J\u00e9sus \u00e0 la croix et je m\u2019en souviens pendant les \u00e9preuves, en r\u00e9alisant qu\u2019elles sont toutes inf\u00e9rieures \u00e0 ce qu\u2019il a fait pour moi\u00a0!<\/p>\n<p>De survivre, je suis arriv\u00e9 \u00e0 vivre et \u00e0 aimer la vie, ma vie\u00a0! J\u2019ai enfin trouv\u00e9 la paix que je ne connaissais pas. J\u2019ai trouv\u00e9 un sens \u00e0 la vie. Je sais que je peux compter sur J\u00e9sus, qu\u2019il m\u2019aime et me comprends. J\u2019ai confiance en Lui. J\u2019ai l\u2019esp\u00e9rance de la vie \u00e9ternelle et je veux continuer \u00e0 le servir de tout mon c\u0153ur. En vivant avec Dieu, j\u2019ai retrouv\u00e9 la joie de vivre. Je veux communiquer cette joie autour de moi\u00a0!<\/p>\n<p>Aujourd\u2019hui, j\u2019ai trouv\u00e9 la r\u00e9ponse \u00e0 mes questions\u00a0: D\u2019o\u00f9 je viens\u00a0? Pourquoi je suis l\u00e0\u00a0? O\u00f9 je vais ?<br \/>\nJ\u2019ai trouv\u00e9 le vrai P\u00e8re que je n\u2019avais pas eu. Je veux le servir jusqu\u2019\u00e0 mon d\u00e9part ou son arriv\u00e9e. Je d\u00e9sire de tout mon \u00eatre que celui qui me lira Le trouve lui aussi\u00a0!<\/p>\n","protected":false},"excerpt":{"rendered":"<p>Mon origine Je suis n\u00e9 d\u2019une m\u00e8re alsacienne et d\u2019un p\u00e8re inconnu. Ma m\u00e8re s\u2019est remari\u00e9 lorsque j\u2019avais 18 mois. Je ne l\u2019ai d\u00e9couvert qu\u2019\u00e0 13 ans. C\u2019\u00e9tait mon premier grand traumatisme. Mon enfance a \u00e9t\u00e9 profond\u00e9ment marqu\u00e9e par la violence et des s\u00e9vices. Elle a \u00e9t\u00e9 ponctu\u00e9e par des dizaines de fugues en toutes [&hellip;]<\/p>\n","protected":false},"author":1,"featured_media":0,"parent":0,"menu_order":0,"comment_status":"closed","ping_status":"closed","template":"","meta":{"footnotes":""},"class_list":["post-384","page","type-page","status-publish","hentry","post"],"_links":{"self":[{"href":"http:\/\/epem.info\/index.php?rest_route=\/wp\/v2\/pages\/384","targetHints":{"allow":["GET"]}}],"collection":[{"href":"http:\/\/epem.info\/index.php?rest_route=\/wp\/v2\/pages"}],"about":[{"href":"http:\/\/epem.info\/index.php?rest_route=\/wp\/v2\/types\/page"}],"author":[{"embeddable":true,"href":"http:\/\/epem.info\/index.php?rest_route=\/wp\/v2\/users\/1"}],"replies":[{"embeddable":true,"href":"http:\/\/epem.info\/index.php?rest_route=%2Fwp%2Fv2%2Fcomments&post=384"}],"version-history":[{"count":4,"href":"http:\/\/epem.info\/index.php?rest_route=\/wp\/v2\/pages\/384\/revisions"}],"predecessor-version":[{"id":389,"href":"http:\/\/epem.info\/index.php?rest_route=\/wp\/v2\/pages\/384\/revisions\/389"}],"wp:attachment":[{"href":"http:\/\/epem.info\/index.php?rest_route=%2Fwp%2Fv2%2Fmedia&parent=384"}],"curies":[{"name":"wp","href":"https:\/\/api.w.org\/{rel}","templated":true}]}}