{"id":149,"date":"2014-10-22T15:07:27","date_gmt":"2014-10-22T13:07:27","guid":{"rendered":"http:\/\/epem.info\/?page_id=149"},"modified":"2014-10-22T15:11:55","modified_gmt":"2014-10-22T13:11:55","slug":"yves","status":"publish","type":"page","link":"http:\/\/epem.info\/?page_id=149","title":{"rendered":"Yves"},"content":{"rendered":"<p style=\"text-align: justify;\" align=\"justify\"><a href=\"http:\/\/epem.info\/wp-content\/uploads\/2014\/10\/Yves_XL.jpg\"><img loading=\"lazy\" decoding=\"async\" class=\"alignleft size-full wp-image-22\" src=\"http:\/\/epem.info\/wp-content\/uploads\/2014\/10\/Yves_XL.jpg\" alt=\"Yves_XL\" width=\"200\" height=\"253\" \/><\/a>J\u2019ai \u00e9t\u00e9 \u00e9lev\u00e9 dans une famille catholique mais, pendant mon adolescence, j&rsquo;ai tr\u00e8s vite rejet\u00e9 toute forme de religion pour choisir un agnosticisme teint\u00e9 d\u2019ath\u00e9isme et d&rsquo;humanisme.<\/p>\n<p style=\"text-align: justify;\" align=\"justify\">Mes r\u00e9flexions m\u2019avaient conduit \u00e0 penser que l\u2019existence n\u2019avait pas beaucoup de sens en dehors des plaisirs qu\u2019elle pouvait offrir. Ma vie se r\u00e9sumait donc essentiellement \u00e0 rechercher le plaisir sous toutes ses formes. Rien ne me pr\u00e9disposait \u00e0 faire une recherche spirituelle, bien que mon temp\u00e9rament soit ouvert \u00e0 toute discussion. Quand aux chr\u00e9tiens que j\u2019avais rencontr\u00e9s, ils ne m\u2019avaient pas du tout convaincu\u2026<\/p>\n<p style=\"text-align: justify;\" align=\"justify\">Cependant \u00e0 22 ans, un ami que j\u2019avais perdu de vue m&rsquo;a parl\u00e9 de sa connaissance de Dieu \u00e0 partir de la Bible. Sur le coup, j\u2019ai ressenti de la piti\u00e9 pour lui, je pensais qu\u2019il avait certainement eu de besoin d\u2019une \u00ab\u00a0b\u00e9quille\u00a0\u00bb pour affronter les difficult\u00e9s de la vie. Je pensais que la foi \u00e9tait la\u00a0bou\u00e9e de sauvetage\u00a0des personnes trop faibles pour s\u2019assumer elles-m\u00eames. Mais en l\u2019observant mieux, je me suis rendu compte que ce n\u2019\u00e9tait pas vraiment son cas. Son t\u00e9moignage m&rsquo;a interpell\u00e9 car il semblait fond\u00e9. J&rsquo;ai donc voulu v\u00e9rifier sa validit\u00e9. Il me semblait \u00e9vident que passer \u00e0 c\u00f4t\u00e9 de cette possibilit\u00e9 sans la v\u00e9rifier \u00e9tait une folie. Si Dieu existait, l\u2019ignorer \u00e9tait le plus s\u00fbr moyen de g\u00e2cher ma vie\u00a0!<\/p>\n<p style=\"text-align: justify;\" align=\"justify\">J\u2019ai donc achet\u00e9 une Bible et j\u2019ai commenc\u00e9 \u00e0 la lire. Au d\u00e9but mon seul but \u00e9tait de me rassurer en cherchant la faille qui me permettrait de tout rejeter. Mais je n\u2019ai pas trouv\u00e9 cette faille\u00a0! En revanche les paroles de J\u00e9sus-Christ ont fait remonter ce cri du plus profond de mon \u00eatre : \u00ab\u00a0Voil\u00e0 le seul homme qui n\u2019ait jamais dit que la v\u00e9rit\u00e9\u00a0!\u00bb.<\/p>\n<p style=\"text-align: justify;\" align=\"justify\">Mais ceci n\u2019a pas fait de moi un chr\u00e9tien\u00a0! J\u2019\u00e9tais impressionn\u00e9 par la vie et les paroles de J\u00e9sus-Christ, mais pas au point de lui confier ma vie. J\u2019avais besoin d\u2019une certitude. Au plus je lui demandait une preuve visible et irr\u00e9futable de sa pr\u00e9sence, au plus des \u00e9v\u00e9nements m\u2019indiquaient sa pr\u00e9sence dans ma vie quotidienne, mais pas de fa\u00e7on irr\u00e9futable, donc sans me satisfaire pleinement. C\u2019est progressivement que je compris le r\u00f4le de la foi\u00a0et la n\u00e9cessit\u00e9 de lui faire confiance\u2026<\/p>\n<p style=\"text-align: justify;\" align=\"justify\">En continuant ma lecture de la Bible et en l\u2019\u00e9tudiant plus en profondeur, les certitudes auxquelles j\u2019aspirais se multipli\u00e8rent au point que mes doutes finirent pas dispara\u00eetre. Je d\u00e9couvris \u00e9galement la grandeur de mon cr\u00e9ateur, sa perfection, sa puret\u00e9, sa beaut\u00e9, sa puissance.<\/p>\n<p style=\"text-align: justify;\" align=\"justify\">Bref, l\u2019image fausse \u00e0 laquelle j\u2019associait Dieu vola en \u00e9clats pour laisser la place \u00e0 une r\u00e9v\u00e9lation saisissante\u00a0! J\u2019appris \u00e0 comprendre de quelle fa\u00e7on Dieu se manifeste, nous parle, nous guide.<\/p>\n<p style=\"text-align: justify;\" align=\"justify\">Cette d\u00e9couverte a chang\u00e9 ma vie en profondeur\u00a0: ma mentalit\u00e9, mes priorit\u00e9s, l\u2019image que j\u2019avais de moi, celle que j\u2019avais de mon entourage et de la soci\u00e9t\u00e9, etc.<\/p>\n<p style=\"text-align: justify;\" align=\"justify\">Quelques ann\u00e9es plus tard, j&rsquo;ai \u00e9prouv\u00e9 le besoin d&rsquo;approfondir ma connaissance de la Bible et j&rsquo;ai d\u00e9cid\u00e9 de suivre pendant un an la formation de l&rsquo;Institut Biblique de Gen\u00e8ve. Ca a \u00e9t\u00e9 l&rsquo;occasion de confronter mon exp\u00e9rience \u00e0 celles de personnes qui venaient de nations et de cultures tr\u00e8s diverses mais qui avaient rencontr\u00e9 leur cr\u00e9ateur, tout comme moi. Un moment fort qui m\u2019a permis de voir ma confiance en Dieu grandir encore et mon exp\u00e9rience s\u2019enrichir.<\/p>\n<p style=\"text-align: justify;\" align=\"justify\">Aujourd\u2019hui je suis heureux de partager cette d\u00e9couverte sur cette page, il m\u2019a tant apport\u00e9\u2026 J\u2019aimerais aussi vous inviter \u00e0 v\u00e9rifier mes propos. Ce qui est tout \u00e0 fait possible&#8230;<\/p>\n<p style=\"text-align: justify;\" align=\"justify\">Tout cela ne se joue pas seulement dans ta t\u00eate, cela concerne aussi ton c\u0153ur, tes \u00e9motions, ta volont\u00e9. Il s\u2019agit d\u2019une exp\u00e9rience \u00e0 vivre\u00a0!<\/p>\n<p style=\"text-align: right;\" align=\"justify\"><span style=\"font-family: Verdana,Arial,Helvetica,sans-serif; font-size: xx-small;\">\u00a9 Eglise Protestante Evang\u00e9lique &#8211; Martigues<\/span><\/p>\n","protected":false},"excerpt":{"rendered":"<p>J\u2019ai \u00e9t\u00e9 \u00e9lev\u00e9 dans une famille catholique mais, pendant mon adolescence, j&rsquo;ai tr\u00e8s vite rejet\u00e9 toute forme de religion pour choisir un agnosticisme teint\u00e9 d\u2019ath\u00e9isme et d&rsquo;humanisme. Mes r\u00e9flexions m\u2019avaient conduit \u00e0 penser que l\u2019existence n\u2019avait pas beaucoup de sens en dehors des plaisirs qu\u2019elle pouvait offrir. Ma vie se r\u00e9sumait donc essentiellement \u00e0 rechercher [&hellip;]<\/p>\n","protected":false},"author":1,"featured_media":0,"parent":0,"menu_order":0,"comment_status":"closed","ping_status":"closed","template":"","meta":{"footnotes":""},"class_list":["post-149","page","type-page","status-publish","hentry","post"],"_links":{"self":[{"href":"http:\/\/epem.info\/index.php?rest_route=\/wp\/v2\/pages\/149","targetHints":{"allow":["GET"]}}],"collection":[{"href":"http:\/\/epem.info\/index.php?rest_route=\/wp\/v2\/pages"}],"about":[{"href":"http:\/\/epem.info\/index.php?rest_route=\/wp\/v2\/types\/page"}],"author":[{"embeddable":true,"href":"http:\/\/epem.info\/index.php?rest_route=\/wp\/v2\/users\/1"}],"replies":[{"embeddable":true,"href":"http:\/\/epem.info\/index.php?rest_route=%2Fwp%2Fv2%2Fcomments&post=149"}],"version-history":[{"count":2,"href":"http:\/\/epem.info\/index.php?rest_route=\/wp\/v2\/pages\/149\/revisions"}],"predecessor-version":[{"id":155,"href":"http:\/\/epem.info\/index.php?rest_route=\/wp\/v2\/pages\/149\/revisions\/155"}],"wp:attachment":[{"href":"http:\/\/epem.info\/index.php?rest_route=%2Fwp%2Fv2%2Fmedia&parent=149"}],"curies":[{"name":"wp","href":"https:\/\/api.w.org\/{rel}","templated":true}]}}