{"id":146,"date":"2014-10-22T15:04:39","date_gmt":"2014-10-22T13:04:39","guid":{"rendered":"http:\/\/epem.info\/?page_id=146"},"modified":"2020-03-21T22:21:40","modified_gmt":"2020-03-21T21:21:40","slug":"146-2","status":"publish","type":"page","link":"http:\/\/epem.info\/?page_id=146","title":{"rendered":"Faty"},"content":{"rendered":"<p style=\"text-align: justify;\"><a href=\"http:\/\/epem.info\/wp-content\/uploads\/2014\/10\/Faty_XL.jpg\"><img loading=\"lazy\" decoding=\"async\" class=\"alignleft size-full wp-image-35\" src=\"http:\/\/epem.info\/wp-content\/uploads\/2014\/10\/Faty_XL.jpg\" alt=\"Faty_XL\" width=\"200\" height=\"252\" \/><\/a>Dieu, si tu existes r\u00e9ponds-moi, parle-moi, montre- toi.<\/p>\n<p style=\"text-align: justify;\">D\u00e9s mon adolescence, c&rsquo;\u00e9tait ces questions qui me venaient en t\u00eate. J&rsquo;ai grandi dans une famille musulmane : 5 fr\u00e8res et 1 soeur qui est malheureusement d\u00e9c\u00e9d\u00e9e.<\/p>\n<p style=\"text-align: justify;\">F\u00eates religieuses, bapt\u00eame, ramadan se r\u00e9p\u00e9taient par pure tradition. Une culture qui est pour moi un h\u00e9ritage familial et ou il fallait le r\u00e9p\u00e9ter de g\u00e9n\u00e9rations en g\u00e9n\u00e9rations et surtout ne pas y en sortir.<\/p>\n<p style=\"text-align: justify;\">Un jour, je demandais \u00e0 ma m\u00e8re qui \u00e9tait Dieu. Elle me r\u00e9pondit\u00a0: \u00ab\u00a0 Allah, Ach ball\u00a0\u00bb qui veut dire \u00ab\u00a0Dieu est Grand\u00a0\u00bb, un Dieu au-dessus de tout c&rsquo;est tout.<\/p>\n<p style=\"text-align: justify;\">Je baignais dans cette culture mais je n&rsquo;\u00e9tais pas heureuse dans mon c\u0153ur et cela me d\u00e9rangeait. Beaucoup de questions m&rsquo;envahissaient, je r\u00e9alisais que je pensais pas comme ma famille. Je n&rsquo;\u00e9tais pas \u00e0 l&rsquo;aise m\u00eame dans les rites religieux comme par exemple on m&rsquo;imposait d\u00e8s enfant de faire le ramadan et pourquoi\u00a0? Par pure tradition tout simplement\u00a0!<\/p>\n<p style=\"text-align: justify;\">Puis un jour, il y eut un grand conflit avec un membre de ma famille\u00a0; cette personne m&rsquo;a rou\u00e9 de coups presque mortels pour des raisons de choix personnels qui avait un rapport avec ma vie sentimentale. Une attitude difficile a accepter et surtout venant d&rsquo;une personne qui a fait partie de mon enfance et que j&rsquo;aimais.<\/p>\n<p style=\"text-align: justify;\">Triste,mais aussi d\u00e9\u00e7ue\u00a0: mon choix a \u00e9t\u00e9 de sortir de ce monde musulman\u00a0: j&rsquo;avais 23 ans. Ce choix a co\u00fbt\u00e9: rejet, reniement pour ma famille j&rsquo;\u00e9tais morte, je n&rsquo;existais plus\u00a0, cela a \u00e9t\u00e9 la plus grande cons\u00e9quence de ma vie dans le cadre des \u00e9motions\u00a0: col\u00e8re, haine, amertume, d\u00e9ception,mort\u00a0!<\/p>\n<p style=\"text-align: justify;\">Pour compenser ces \u00e9motions, je me suis mis \u00e0 boire, fumer, errer en bo\u00eete de nuit mais cela m&rsquo;a plus d\u00e9stabilis\u00e9e. Cette solitude, cette incompr\u00e9hension, et ce sentiment d&rsquo;injustice m&rsquo;a permis de r\u00e9fl\u00e9chir\u00a0: je me suis demand\u00e9e pourquoi j&rsquo;\u00e9tais l\u00e0\u00a0? Quel sens a ma vie\u00a0? Pourquoi je suis sur terre\u00a0?<\/p>\n<p style=\"text-align: justify;\">Pour vivre cela je pr\u00e9f\u00e8re mourir. Ces questions m&rsquo;amenaient \u00e0 parler \u00e0 ce Dieu Si tu existes \u00ab\u00a0parle moi\u00a0\u00bb\u00a0!<\/p>\n<p style=\"text-align: justify;\">Mais il se passait rien\u00a0: Dans la Bible, il est \u00e9crit Psaume 103 verset 19\u00a0\u00ab\u00a0l&rsquo;\u00e9ternel a \u00e9tabli son tr\u00f4ne dans les cieux et son r\u00e8gne domine sur toutes choses\u00a0\u00bb<\/p>\n<p style=\"text-align: justify;\">Un jour, on m&rsquo;a offert une Bible et j&rsquo;ai commenc\u00e9 \u00e0 lire et d\u00e9couvrir Dieu. Mais je ne comprenais pas le sens, ce que je savais c&rsquo;est qu&rsquo;elle me faisait du bien, je me sentais bien pr\u00e8s de ce Dieu.<\/p>\n<p style=\"text-align: justify;\">Quelques temps plus tard, un ami m&rsquo;a invit\u00e9 \u00e0 voir une chorale. En \u00e9coutant les chants, une paix m&rsquo;environnait, je remarquais qu&rsquo;ils chantaient pour ce Dieu de la Bible. Je sentais que m&rsquo;approcher de ce Dieu me faisait le plus grand bien.<\/p>\n<p style=\"text-align: justify;\">QUE TON REGNE VIENNE Matthieu 6 verset 10 se pr\u00e9parait en moi cela commen\u00e7ait \u00e0 m&rsquo;interpeller dans mon c\u0153ur et ma conscience.<\/p>\n<p style=\"text-align: justify;\">Un jour, un ami m&rsquo;a demand\u00e9 si je croyais en Dieu j&rsquo;ai dit oui il y a un seul Dieu pour tous\u00a0!<\/p>\n<p style=\"text-align: justify;\">Il me dit \u00ab\u00a0 tu as raison\u00a0\u00bb mais essaie de demander un d\u00e9fit \u00e0 Dieu quelque chose au nom de Mahomet ( m\u00e9diateur des musulmans) et puis au nom de J\u00e9sus ( m\u00e9diateur pour les chr\u00e9tiens).<\/p>\n<p style=\"text-align: justify;\">Faire ce choix \u00e9tait difficile car cela demandait de s&rsquo;engager, un sentiment de craintes, peurs et angoisses s&#8217;emparaient de moi dans mes pens\u00e9es. Mais, j&rsquo;\u00e9tais motiv\u00e9e de d\u00e9couvrir par qui Dieu se r\u00e9v\u00e9lait.<\/p>\n<p style=\"text-align: justify;\">J&rsquo;ai donc tent\u00e9 cette exp\u00e9rience, une nuit, il \u00e9tait minuit (nuit noire) dans mon appartement. J&rsquo;ai commenc\u00e9 \u00e0 prier au nom de Mahomet et rien. Ensuite, au nom de J\u00e9sus, UNE LUMIERE \u00e9clatante a illumin\u00e9 ma pi\u00e8ce et j&rsquo;ai r\u00e9ellement senti la pr\u00e9sence de Dieu et une parole s&rsquo;est fait entendre dans mon c\u0153ur\u00a0: Ne crains pas\u00a0! J&rsquo;ai pris le temps de regarder \u00e0 l&rsquo;ext\u00e9rieur mais il faisait toujours noire et chez moi la lumi\u00e8re \u00e9tait toujours l\u00e0.<\/p>\n<p style=\"text-align: justify;\">Pendant ces instants, je me suis dit mais tu existes, tu as r\u00e9pondu \u00e0 ma pri\u00e8re. J&rsquo;avais compris. Pour conna\u00eetre Dieu il fallait passer par un m\u00e9diateur qui est J\u00e9sus. Dieu s&rsquo;est r\u00e9v\u00e9l\u00e9 de cette mani\u00e8re et j&rsquo;\u00e9tais en paix et heureuse.<\/p>\n<p style=\"text-align: justify;\">Le seigneur notre Dieu est entr\u00e9 dans son r\u00e8gne Apocalypse 19 verset 6.<\/p>\n<p style=\"text-align: justify;\">Apr\u00e8s, j&rsquo;ai \u00e9t\u00e9 invit\u00e9 \u00e0 l&rsquo;\u00e9glise pour le culte du dimanche, et l\u00e0 j&rsquo;ai vu des personnes heureuses qui aimaient et priaient ce Dieu de la Bible.<\/p>\n<p style=\"text-align: justify;\">J&rsquo;avais l&rsquo;impression aussi que toutes ces personnes priaient pour moi pendant tout le temps du culte. Mon c\u0153ur \u00e9tait d\u00e9rang\u00e9 par la parole de Dieu, bouscul\u00e9 et surtout tant de choses me venaient en t\u00eate dans mes pens\u00e9es (les traditions, ma famille, ma culture mes fr\u00e8res et ma s\u0153ur), ce tiraillement entre ces deux pens\u00e9es a cr\u00e9e en moi un conflit. Et puis, j&rsquo;ai senti en moi comme si j&rsquo;\u00e9tais une plante qu&rsquo;on d\u00e9racinait alors que j&rsquo;\u00e9tais assise sur une chaise. Le chant, qui cl\u00f4turait le culte \u00e9tait \u00ab\u00a0tel que je suis&#8230;\u00a0\u00bb et l\u00e0 le pasteur a lanc\u00e9 un appel et je me suis avanc\u00e9e vers lui. Je pleurais de joie d&rsquo;appartenir \u00e0 ce Dieu\u00a0: J&rsquo;ai reconnu que J\u00e9sus \u00e9tait mon sauveur en confessant mes p\u00each\u00e9s, dans la Bible \u00ab\u00a0si tu confesses de ta bouche le seigneur J\u00e9sus, tu seras sauv\u00e9\u00a0\u00bb. Pour moi, j&rsquo;\u00e9tais sauv\u00e9e\u00a0!<\/p>\n<p style=\"text-align: justify;\">Dans Jean 3 verset 1, Dieu a tant aim\u00e9 le monde qu&rsquo;il a donn\u00e9 son fils unique afin que quiconque (m\u00eame le musulman) croit en lui ne p\u00e9rissent pas mais qu&rsquo;il est la vie \u00e9ternelle\u00a0\u00bb.<\/p>\n<p style=\"text-align: justify;\">J&rsquo;ai r\u00e9alis\u00e9 que la croix n&rsquo;est pas qu&rsquo;un symbole mais une grande d\u00e9claration d&rsquo;amour et de courage pour mes p\u00each\u00e9s commis, un pardon donn\u00e9 gratuitement pour mes fautes et surtout un Dieu qui lave et purifie ma vie chaque jour. Dans le psaume 145 verset 13, \u00ab\u00a0son r\u00e8gne est un r\u00e8gne de tous les si\u00e8cles\u00a0\u00bb<\/p>\n<p style=\"text-align: justify;\">Cette vie en J\u00e9sus Christ m&rsquo;a donn\u00e9 d&rsquo;avoir un sens, il me transforme par son esprit, il me parle, et m&rsquo;aide \u00e0 me reconstruire. Il m&rsquo;a aid\u00e9 \u00e0 rentrer dans ses plans, \u00e0 mettre de l&rsquo;ordre dans ma vie\u00a0: pardonner \u00e0 ce membre de ma famille qui m&rsquo;avait battu, pardonner \u00e0 ma famille pour ce rejet et la mort qu&rsquo;ils m&rsquo;ont souhait\u00e9s, \u00e0 aimer mon prochain. Ce que je sais c&rsquo;est que J\u00e9sus est vivant et il vit en moi par son esprit. Le seigneur J\u00e9sus est un Dieu qui r\u00e9pond. Par exemple, mes parents m&rsquo;ont reni\u00e9e, rejet\u00e9e et j&rsquo;en souffrais de ne pas les voir et je pleurais souvent. Un jour, je me suis lev\u00e9e un matin et dans mon c\u0153ur je re\u00e7us une parole \u00ab\u00a0 l\u00e8ve toi va au march\u00e9 tu verras ta m\u00e8re\u00a0\u00bb. J&rsquo;informais mon mari de cette parole et nous d\u00e9cid\u00e2mes d&rsquo;y aller, en nous garant une silhouette se trouvait pr\u00e8s d&rsquo;un palmier, je dis \u00e0 mon mari \u00ab\u00a0voici ma m\u00e8re, qu&rsquo;elle joie de savoir que J\u00e9sus nous comble\u00a0\u00bb. Elle ne m&rsquo;avait pas vu depuis 4ans. Quand je suis tomb\u00e9e enceinte, j&rsquo;ai v\u00e9cu ma grossesse toute seule, \u00e0 l&rsquo;accouchement, encore seule, et personne ne souhaitait conna\u00eetre cette premi\u00e8re petite fille, j&rsquo;ai souffert de cela. Mon fils arriva l&rsquo;ann\u00e9e qui suivit, et je d\u00e9cidais de faire conna\u00eetre mes enfants \u00e0 mes parents.<\/p>\n<p style=\"text-align: justify;\">Dieu m&rsquo;a donn\u00e9 l&rsquo;assurance de les appeler en leur expliquant que je voulais venir avec mes deux enfants : ma fille avait 15 mois et mon fils 3 mois. Ma m\u00e8re me dit de venir, sans probl\u00e8me. Vous ne pouvez pas savoir le sentiment et l&rsquo;\u00e9motion que j&rsquo;ai \u00e9prouv\u00e9 \u00e0 ce moment l\u00e0\u00a0: comme si les cha\u00eenes se brisaient ! Notre seigneur nous pr\u00e9pare au processus de pardon et de r\u00e9jouissance. Amen\u00a0!<\/p>\n<p style=\"text-align: justify;\">Je suis mari\u00e9e et j&rsquo;ai deux enfants, Dieu m&rsquo;a donn\u00e9 une famille pour que je puisse prendre soin d&rsquo;eux. Il est tellement merveilleux, m\u00eame dans mes \u00e9preuves Dieu me parle, me corrige, m&rsquo;enseigne et m&rsquo;aide \u00e0 grandir. Je travaille comme conseill\u00e8re en insertion professionnelle \u00e0 plein temps et la jeunesse est vraiment un public qui m&rsquo;int\u00e9resse \u00e9norm\u00e9ment et m&rsquo;\u00e9puise \u00e0 la fois.<\/p>\n<p style=\"text-align: justify;\">Et combien je suis heureuse de lui appartenir, et d&rsquo;\u00eatre l&rsquo;instrument pour sa gloire chaque jour\u00a0.<\/p>\n<p style=\"text-align: justify;\">Si je suis l\u00e0 aujourd&rsquo;hui c&rsquo;est pour vous annoncer que son r\u00e8gne veut s&rsquo;\u00e9tablir dans chacun de vous et vous aider \u00e0 grandir dans l&rsquo;attente de son retour.<\/p>\n<p style=\"text-align: right;\"><span style=\"font-family: Verdana,Arial,Helvetica,sans-serif; font-size: xx-small;\">\u00a9 Eglise Protestante Evang\u00e9lique &#8211; Martigues<\/span><\/p>\n","protected":false},"excerpt":{"rendered":"<p>Dieu, si tu existes r\u00e9ponds-moi, parle-moi, montre- toi. D\u00e9s mon adolescence, c&rsquo;\u00e9tait ces questions qui me venaient en t\u00eate. J&rsquo;ai grandi dans une famille musulmane : 5 fr\u00e8res et 1 soeur qui est malheureusement d\u00e9c\u00e9d\u00e9e. F\u00eates religieuses, bapt\u00eame, ramadan se r\u00e9p\u00e9taient par pure tradition. Une culture qui est pour moi un h\u00e9ritage familial et ou [&hellip;]<\/p>\n","protected":false},"author":1,"featured_media":0,"parent":0,"menu_order":0,"comment_status":"closed","ping_status":"closed","template":"","meta":{"footnotes":""},"class_list":["post-146","page","type-page","status-publish","hentry","post"],"_links":{"self":[{"href":"http:\/\/epem.info\/index.php?rest_route=\/wp\/v2\/pages\/146","targetHints":{"allow":["GET"]}}],"collection":[{"href":"http:\/\/epem.info\/index.php?rest_route=\/wp\/v2\/pages"}],"about":[{"href":"http:\/\/epem.info\/index.php?rest_route=\/wp\/v2\/types\/page"}],"author":[{"embeddable":true,"href":"http:\/\/epem.info\/index.php?rest_route=\/wp\/v2\/users\/1"}],"replies":[{"embeddable":true,"href":"http:\/\/epem.info\/index.php?rest_route=%2Fwp%2Fv2%2Fcomments&post=146"}],"version-history":[{"count":5,"href":"http:\/\/epem.info\/index.php?rest_route=\/wp\/v2\/pages\/146\/revisions"}],"predecessor-version":[{"id":473,"href":"http:\/\/epem.info\/index.php?rest_route=\/wp\/v2\/pages\/146\/revisions\/473"}],"wp:attachment":[{"href":"http:\/\/epem.info\/index.php?rest_route=%2Fwp%2Fv2%2Fmedia&parent=146"}],"curies":[{"name":"wp","href":"https:\/\/api.w.org\/{rel}","templated":true}]}}